ose c + c = 10. Suppose c*z - 85 = 20. Calculate the highest common divisor of z and 3.
3
Let w be (-89)/(-4) - 13/52. Suppose -5 - 28 = -3*s. What is the greatest common divisor of w and s?
11
Let g be 45/10 + (-3)/(-6). Calculate the highest common divisor of 5 and g.
5
Let t(f) = f**2 + 12*f - 16. Let x be t(-14). Let a = -21 - -51. What is the greatest common divisor of x and a?
6
Let d be 2*8/32*28. Suppose 2*y = 3*q - 88, 4*y + 45 - 149 = -4*q. Calculate the greatest common divisor of d and q.
14
Let b(o) = -o. Let z(v) = 5*v. Let s(x) = -2*b(x) - z(x). Let h be s(-12). Calculate the highest common factor of 90 and h.
18
Let w(q) = 3*q - 4*q + 0 - 2. Let c be w(-5). Suppose 0 = 36*h - 35*h - 1. Calculate the highest common factor of c and h.
1
Let k = 2 - -2. Let b be 536/12 - k/6. Calculate the highest common divisor of 11 and b.
11
Let z = -16 - -46. Calculate the greatest common factor of z and 15.
15
Let v(d) = d**2 - 3*d + 2. Let x be v(8). Let z(s) = -s**2 - 8*s - 9. Let a be z(-5). Calculate the greatest common divisor of a and x.
6
Suppose 4*w - 2*w = v - 20, -2*v = -2*w - 32. Let b = 41 - v. Let r = b + -21. Calculate the highest common divisor of r and 24.
8
Suppose -5*h = -5*g + 117 + 173, -202 = 4*h + 2*g. Let m = 12 - h. Calculate the highest common divisor of 13 and m.
13
Let a(k) = k**2 + 12*k + 16. Let v be a(-14). What is the highest common factor of v and 66?
22
Let m be (-120)/1*(-10)/75*3. What is the highest common divisor of 6 and m?
6
Let z(t) = -10*t - 90. Let c be z(-25). What is the greatest common divisor of c and 32?
32
Suppose s = 5*v + 23, 0 = -5*s + 2*v - 0*v + 23. Let t = s + 11. What is the greatest common divisor of t and 56?
14
Let d be 580/16 + 4/(-16). Calculate the highest common divisor of d and 90.
18
Let t be 6/(-2) - 279/(-9). What is the greatest common divisor of 224 and t?
28
Let p be 9 - (-2)/(4/6). Let w be ((0 - 2) + -1)/(-1). Suppose -5*m + 0*b - 2*b - 3 = 0, w*b + p = 0. Calculate the highest common factor of 9 and m.
1
Suppose -2*d = 4*o - 0*d - 190, 4*o = 4*d + 196. What is the greatest common factor of o and 40?
8
Let g(m) = 3*m**2 - 3*m - 6. Let i be g(-5). Let l(k) = -2*k + k**3 - 1 + 3*k**2 - 3*k - 2 + 0. Let p be l(-3). What is the highest common divisor of p and i?
12
Let t = 77 + 0. Calculate the greatest common divisor of t and 11.
11
Let b be 330/12*(-92)/(-5). What is the highest common factor of 46 and b?
46
Let w = 15 + -9. Let o be (w - 1)*6/15. Let z be 0/(1 + -2) - -8. Calculate the highest common divisor of z and o.
2
Let w be 140/6 + 0 - (-6)/9. What is the highest common divisor of w and 24?
24
Suppose 0*x = 2*x - 68. Suppose -z + 153 = 2*z. What is the highest common factor of z and x?
17
Let p = 17 - 2. Suppose 3*f - p - 8 = -4*h, 20 = 4*h. Suppose -3*c + f + 4 = 5*v, -2*v - 5*c = 17. Calculate the greatest common divisor of v and 2.
2
Suppose 0 = s - 7 - 19. Calculate the greatest common divisor of s and 65.
13
Suppose -c = -2*b + b + 1, 5*b = -3*c + 37. Let v(l) = 4*l**2 - 2*l + 5. Let u be v(b). Let g = 114 - 76. What is the greatest common divisor of g and u?
19
Suppose -3*a + 0*x - 16 = x, 4*a - x = -12. Let y be (-2 - a)*(-5)/(-2). What is the greatest common factor of y and 10?
5
Suppose -3*m - 7 - 11 = 0. Let j be (-1)/((-3)/m - 1). Calculate the greatest common factor of 5 and j.
1
Let m = -5 + 1. Let y(c) = -6*c - 6. Let s be y(m). Let d be (-36)/(3/(s/(-4))). What is the greatest common divisor of d and 6?
6
Suppose 2*d - 4*g = 48, -d = 11*g - 10*g - 27. What is the highest common factor of 26 and d?
26
Suppose -2*f + 1 = -9. Let h(d) = -4*d + 6*d**2 - 6*d**2 + 6*d**2 + 4 - d**3. Let m be h(f). What is the greatest common factor of 81 and m?
9
Suppose -5*k + 79 = 4*c, 2*c - 14 - 6 = 4*k. What is the highest common divisor of 112 and c?
16
Let b be (-3 - (-2 - -3))/(-1). Let o(c) = -c**2 + 2. Let q be o(0). Suppose -30 = q*z - b*z. Calculate the greatest common factor of 3 and z.
3
Suppose 0*z = -s - 4*z + 9, 6 = -4*s + 5*z. Let a be (1/(s/18))/2. Let q = a - -9. What is the highest common factor of q and 6?
6
Suppose 0 = r + 4*h - 52, -163 = -3*r - r - h. What is the highest common divisor of r and 16?
8
Suppose -112 = -4*g + 4*w, 3*g + w - 92 = -0. Let c = 5 + g. Calculate the greatest common divisor of c and 14.
7
Let u = 3 + 0. Suppose -u*t + 89 = -31. Suppose 2*d - 9 = 11. Calculate the greatest common factor of d and t.
10
Let m be ((-12)/(-14))/3*28. Calculate the greatest common divisor of m and 72.
8
Suppose -90 = -f - 22. What is the greatest common divisor of f and 17?
17
Let p be -6*(-1 - 12/9). What is the greatest common factor of p and 56?
14
Suppose -55 = o + s, -o - s = -3*s + 49. Let w = -11 - o. Calculate the greatest common divisor of w and 105.
21
Let h(f) = -f**2 - 5*f + 4. Let v be h(-6). Let j = 16 - v. Calculate the highest common factor of j and 18.
18
Let k(s) = -19*s + 4 - 15 - 11 - s**2. Let j be k(-17). Suppose 57 = 3*d - 15. Calculate the greatest common factor of j and d.
12
Suppose 0*q - 3 = -q. Suppose 3*n = -0*g - 5*g - 7, 3*g = -2*n - q. Calculate the highest common divisor of 6 and n.
6
Suppose -18 = -4*w + 14. Suppose 0 = 3*h - 27 - 21. What is the greatest common divisor of w and h?
8
Let z(c) = -55*c**3 + c**2 - 1. Let i be z(-1). Let p be -1*((-4)/2 - -6). Let s be ((-10)/8)/(1/p). What is the greatest common factor of s and i?
5
Let w(o) be the second derivative of -5*o**3/6 + o**2/2 + o. Let a be w(-1). Calculate the greatest common divisor of 24 and a.
6
Suppose 106 = 4*o - 2*s, 125 = 2*o + 3*o - 5*s. What is the highest common divisor of 28 and o?
28
Let i = 16 - -3. Let x = 9 - 5. Suppose x*s - 92 - 60 = 0. What is the greatest common factor of i and s?
19
Let b be -2 - (4 + 19)*-1. Calculate the highest common divisor of b and 7.
7
Let j = 36 - 26. Suppose 2*l = -3*l + j. Suppose -4*y + k = -21, k - 14 = -y - l*y. Calculate the highest common divisor of y and 5.
5
Let d be 6/2*28/2. Let c be 12*(-2 + (-10)/(-4)). What is the greatest common divisor of c and d?
6
Suppose -65 = -4*i - p, -2*i = 2*p - 2 - 38. Suppose 4*n - 5*n = 0, -3*n + 1350 = 5*d. Suppose d = 3*q - q. What is the greatest common factor of q and i?
15
Let y(f) = 5*f - 6. Let g be y(5). Suppose -4*a = -453 + 173. Let h = a - -82. What is the highest common factor of h and g?
19
Let k(i) = -i - 3. Let q be k(-11). What is the highest common divisor of 8 and q?
8
Let t(k) = k**2 + 2*k - 5. Let c be t(-5). What is the greatest common divisor of 30 and c?
10
Suppose 9 = 3*h, 5*h + 1 = 5*b - 4. Suppose 0 = b*c - 51 + 11. Let l be (-5)/2*(-5 + -11). Calculate the greatest common divisor of c and l.
10
Let i = 64 - 44. Suppose 20 = -5*t, 0 = 4*y + 2*t + 2*t + 64. Let b = y + i. What is the highest common divisor of b and 8?
8
Let p = 255 - -88. Calculate the highest common factor of 49 and p.
49
Let n be 1/(-3) - 8/3. Let p be n*2/(-3) + 0. Suppose h - p = 0, 3*o - h - 306 = 2*h. Calculate the greatest common factor of 13 and o.
13
Let u(q) = q + 9. Let n be u(-8). Let g be (n/(-2))/(4/(-384)). Calculate the greatest common divisor of 16 and g.
16
Suppose 0 = 7*g - 12*g + 400. Let o = 9 + 1. Calculate the highest common factor of g and o.
10
Suppose 5*z - 5*b = 25, z + 4*b = 2*b - 1. Suppose -20 = 4*j, 30 + 11 = z*l - j. What is the greatest common factor of l and 24?
12
Suppose -3*p - 5*k + 7 = -p, 0 = -p - k - 1. Let v = 6 + p. What is the greatest common factor of v and 5?
1
Suppose 69 + 15 = 3*y. Let i(g) = 7*g**2 + g**3 + 1 - g - 2 - 8*g. Let l be i(-8). What is the greatest common divisor of l and y?
7
Let r(a) = -3*a + 53. Let d be r(-9). What is the highest common factor of d and 64?
16
Let w(r) = 43*r**3 + r**2 - 5*r - 2. Let o be w(2). Calculate the highest common factor of o and 42.
42
Suppose 0 = 3*p - 3*t - 222, -6*p + p + 3*t = -378. Calculate the highest common divisor of p and 26.
26
Let b = -39 - -105. Suppose 4*p = 8, 0*s = -2*s - 5*p + b. Suppose -4*q + s = -20. What is the highest common divisor of 8 and q?
4
Let x(w) be the first derivative of 4*w**3/3 - 3*w**2/2 - 3*w - 5. Let o be x(4). Calculate the greatest common factor of 7 and o.
7
Let q(w) be the second derivative of 2*w**3/3 - 3*w**2 + 3*w. Let g be q(8). What is the g